{"id":329,"date":"2022-06-06T12:02:40","date_gmt":"2022-06-06T10:02:40","guid":{"rendered":"https:\/\/monpiedaterre-annecy.fr\/?page_id=329"},"modified":"2024-04-05T07:57:36","modified_gmt":"2024-04-05T05:57:36","slug":"accueil","status":"publish","type":"page","link":"https:\/\/monpiedaterre-annecy.fr\/","title":{"rendered":"Accueil G\u00e9n\u00e9ral"},"content":{"rendered":"\n<p>Id\u00e9alement situ\u00e9s dans les quartiers d&rsquo;Albigny et des Pommaries, nous proposons deux appartements construits dans les ann\u00e9es 70&rsquo;s et fra\u00eechement r\u00e9nov\u00e9s. proches du lac (entre 150 et 400 m\u00e8tres), au c\u0153ur d&rsquo;une vie de village et \u00e0 deux enc\u00e2blures du centre ville d&rsquo;Annecy (20 minutes \u00e0 pied).  Vous passerez un agr\u00e9able WE, ou de superbes vacances ou encore un plaisant voyage professionnel au cygne ou col vert.  Le massif des Aravis, le plateau des Gli\u00e8res et le Semnoz sont \u00e0 45 minutes de nos logements. Bienvenue dans monpiedaterre-annecy.<\/p>\n\n\n\n<p>Ideally located in the Albigny and Pommaries districts, we offer two apartments built in the 70&rsquo;s and freshly renovated. close to the lake (between 150 and 400 meters), in the heart of village life and a stone&rsquo;s throw from the city center of Annecy (20 minutes on foot). You will have a pleasant weekend, or a superb vacation or even a pleasant professional swan or green collar trip. The Aravis massif, the Gli\u00e8res plateau and Semnoz are 45 minutes from our accommodations. Welcome to monpiedaterre-annecy.<\/p>\n\n\n\n<figure class=\"wp-block-image size-large\"><a href=\"https:\/\/monpiedaterre-annecy.fr\/?page_id=90\" target=\"_blank\" rel=\"noreferrer noopener\"><img loading=\"lazy\" decoding=\"async\" width=\"1024\" height=\"575\" src=\"https:\/\/monpiedaterre-annecy.fr\/wp-content\/uploads\/2022\/06\/cropped-Appt2rueDesCygnesAnnecy-28-scaled-1-1024x575.jpg\" alt=\"\" class=\"wp-image-373\" srcset=\"https:\/\/monpiedaterre-annecy.fr\/wp-content\/uploads\/2022\/06\/cropped-Appt2rueDesCygnesAnnecy-28-scaled-1-1024x575.jpg 1024w, https:\/\/monpiedaterre-annecy.fr\/wp-content\/uploads\/2022\/06\/cropped-Appt2rueDesCygnesAnnecy-28-scaled-1-300x169.jpg 300w, https:\/\/monpiedaterre-annecy.fr\/wp-content\/uploads\/2022\/06\/cropped-Appt2rueDesCygnesAnnecy-28-scaled-1-768x432.jpg 768w, https:\/\/monpiedaterre-annecy.fr\/wp-content\/uploads\/2022\/06\/cropped-Appt2rueDesCygnesAnnecy-28-scaled-1-1536x863.jpg 1536w, https:\/\/monpiedaterre-annecy.fr\/wp-content\/uploads\/2022\/06\/cropped-Appt2rueDesCygnesAnnecy-28-scaled-1.jpg 1920w\" sizes=\"auto, (max-width: 1024px) 100vw, 1024px\" \/><\/a><figcaption class=\"wp-element-caption\"><a href=\"https:\/\/monpiedaterre-annecy.fr\/?page_id=90\" data-type=\"page\" data-id=\"90\">LE CYGNE<\/a><\/figcaption><\/figure>\n\n\n\n<hr class=\"wp-block-separator has-alpha-channel-opacity is-style-wide\"\/>\n\n\n<div class=\"wp-block-image\">\n<figure class=\"aligncenter size-large\"><a href=\"https:\/\/monpiedaterre-annecy.fr\/?page_id=432\" target=\"_blank\" rel=\"noreferrer noopener\"><img loading=\"lazy\" decoding=\"async\" width=\"870\" height=\"1024\" src=\"https:\/\/monpiedaterre-annecy.fr\/wp-content\/uploads\/2024\/04\/Copie-Vue-balcon-depusi-chambre-4-870x1024.jpg\" alt=\"\" class=\"wp-image-594\" srcset=\"https:\/\/monpiedaterre-annecy.fr\/wp-content\/uploads\/2024\/04\/Copie-Vue-balcon-depusi-chambre-4-870x1024.jpg 870w, https:\/\/monpiedaterre-annecy.fr\/wp-content\/uploads\/2024\/04\/Copie-Vue-balcon-depusi-chambre-4-255x300.jpg 255w, https:\/\/monpiedaterre-annecy.fr\/wp-content\/uploads\/2024\/04\/Copie-Vue-balcon-depusi-chambre-4-768x904.jpg 768w, https:\/\/monpiedaterre-annecy.fr\/wp-content\/uploads\/2024\/04\/Copie-Vue-balcon-depusi-chambre-4-1305x1536.jpg 1305w, https:\/\/monpiedaterre-annecy.fr\/wp-content\/uploads\/2024\/04\/Copie-Vue-balcon-depusi-chambre-4.jpg 1405w\" sizes=\"auto, (max-width: 870px) 100vw, 870px\" \/><\/a><figcaption class=\"wp-element-caption\"><a href=\"https:\/\/monpiedaterre-annecy.fr\/?page_id=432\" data-type=\"page\" data-id=\"432\">LE COL VERT<\/a><\/figcaption><\/figure>\n<\/div>","protected":false},"excerpt":{"rendered":"<p>Id\u00e9alement situ\u00e9s dans les quartiers d&rsquo;Albigny et des Pommaries, nous proposons deux appartements construits dans les ann\u00e9es 70&rsquo;s et fra\u00eechement<\/p>\n<p><a href=\"https:\/\/monpiedaterre-annecy.fr\/\" class=\"more-link\">Continue reading<span class=\"screen-reader-text\">Accueil G\u00e9n\u00e9ral<\/span><\/a><\/p>\n","protected":false},"author":1,"featured_media":0,"parent":0,"menu_order":0,"comment_status":"closed","ping_status":"closed","template":"","meta":{"footnotes":""},"class_list":["post-329","page","type-page","status-publish","hentry"],"_links":{"self":[{"href":"https:\/\/monpiedaterre-annecy.fr\/index.php?rest_route=\/wp\/v2\/pages\/329","targetHints":{"allow":["GET"]}}],"collection":[{"href":"https:\/\/monpiedaterre-annecy.fr\/index.php?rest_route=\/wp\/v2\/pages"}],"about":[{"href":"https:\/\/monpiedaterre-annecy.fr\/index.php?rest_route=\/wp\/v2\/types\/page"}],"author":[{"embeddable":true,"href":"https:\/\/monpiedaterre-annecy.fr\/index.php?rest_route=\/wp\/v2\/users\/1"}],"replies":[{"embeddable":true,"href":"https:\/\/monpiedaterre-annecy.fr\/index.php?rest_route=%2Fwp%2Fv2%2Fcomments&post=329"}],"version-history":[{"count":38,"href":"https:\/\/monpiedaterre-annecy.fr\/index.php?rest_route=\/wp\/v2\/pages\/329\/revisions"}],"predecessor-version":[{"id":596,"href":"https:\/\/monpiedaterre-annecy.fr\/index.php?rest_route=\/wp\/v2\/pages\/329\/revisions\/596"}],"wp:attachment":[{"href":"https:\/\/monpiedaterre-annecy.fr\/index.php?rest_route=%2Fwp%2Fv2%2Fmedia&parent=329"}],"curies":[{"name":"wp","href":"https:\/\/api.w.org\/{rel}","templated":true}]}}

Accueil Général

<p>Idéalement situés dans les quartiers d&rsquo;Albigny et des Pommaries, nous proposons deux appartements construits dans les années 70&rsquo;s et fraîchement rénovés. proches du lac (entre 150 et 400 mètres), au cœur d&rsquo;une vie de village et à deux encâblures du centre ville d&rsquo;Annecy (20 minutes à pied).  Vous passerez un agréable WE, ou de superbes vacances ou encore un plaisant voyage professionnel au cygne ou col vert.  Le massif des Aravis, le plateau des Glières et le Semnoz sont à 45 minutes de nos logements. Bienvenue dans monpiedaterre-annecy.</p>



<p>Ideally located in the Albigny and Pommaries districts, we offer two apartments built in the 70&rsquo;s and freshly renovated. close to the lake (between 150 and 400 meters), in the heart of village life and a stone&rsquo;s throw from the city center of Annecy (20 minutes on foot). You will have a pleasant weekend, or a superb vacation or even a pleasant professional swan or green collar trip. The Aravis massif, the Glières plateau and Semnoz are 45 minutes from our accommodations. Welcome to monpiedaterre-annecy.</p>



<figure class="wp-block-image size-large"><a href="https://monpiedaterre-annecy.fr/?page_id=90" target="_blank" rel="noreferrer noopener"><img loading="lazy" decoding="async" width="1024" height="575" src="https://monpiedaterre-annecy.fr/wp-content/uploads/2022/06/cropped-Appt2rueDesCygnesAnnecy-28-scaled-1-1024x575.jpg" alt="" class="wp-image-373" srcset="https://monpiedaterre-annecy.fr/wp-content/uploads/2022/06/cropped-Appt2rueDesCygnesAnnecy-28-scaled-1-1024x575.jpg 1024w, https://monpiedaterre-annecy.fr/wp-content/uploads/2022/06/cropped-Appt2rueDesCygnesAnnecy-28-scaled-1-300x169.jpg 300w, https://monpiedaterre-annecy.fr/wp-content/uploads/2022/06/cropped-Appt2rueDesCygnesAnnecy-28-scaled-1-768x432.jpg 768w, https://monpiedaterre-annecy.fr/wp-content/uploads/2022/06/cropped-Appt2rueDesCygnesAnnecy-28-scaled-1-1536x863.jpg 1536w, https://monpiedaterre-annecy.fr/wp-content/uploads/2022/06/cropped-Appt2rueDesCygnesAnnecy-28-scaled-1.jpg 1920w" sizes="auto, (max-width: 1024px) 100vw, 1024px" /></a><figcaption class="wp-element-caption"><a href="https://monpiedaterre-annecy.fr/?page_id=90" data-type="page" data-id="90">LE CYGNE</a></figcaption></figure>



<hr class="wp-block-separator has-alpha-channel-opacity is-style-wide"/>


<div class="wp-block-image">
<figure class="aligncenter size-large"><a href="https://monpiedaterre-annecy.fr/?page_id=432" target="_blank" rel="noreferrer noopener"><img loading="lazy" decoding="async" width="870" height="1024" src="https://monpiedaterre-annecy.fr/wp-content/uploads/2024/04/Copie-Vue-balcon-depusi-chambre-4-870x1024.jpg" alt="" class="wp-image-594" srcset="https://monpiedaterre-annecy.fr/wp-content/uploads/2024/04/Copie-Vue-balcon-depusi-chambre-4-870x1024.jpg 870w, https://monpiedaterre-annecy.fr/wp-content/uploads/2024/04/Copie-Vue-balcon-depusi-chambre-4-255x300.jpg 255w, https://monpiedaterre-annecy.fr/wp-content/uploads/2024/04/Copie-Vue-balcon-depusi-chambre-4-768x904.jpg 768w, https://monpiedaterre-annecy.fr/wp-content/uploads/2024/04/Copie-Vue-balcon-depusi-chambre-4-1305x1536.jpg 1305w, https://monpiedaterre-annecy.fr/wp-content/uploads/2024/04/Copie-Vue-balcon-depusi-chambre-4.jpg 1405w" sizes="auto, (max-width: 870px) 100vw, 870px" /></a><figcaption class="wp-element-caption"><a href="https://monpiedaterre-annecy.fr/?page_id=432" data-type="page" data-id="432">LE COL VERT</a></figcaption></figure>
</div>

<p>Idéalement situés dans les quartiers d&rsquo;Albigny et des Pommaries, nous proposons deux appartements construits dans les années 70&rsquo;s et fraîchement</p>
<p><a href="https://monpiedaterre-annecy.fr/" class="more-link">Continue reading<span class="screen-reader-text">Accueil Général</span></a></p>
